?
2
What is the units digit of 1509?
9
What is the hundreds digit of 1333?
3
What is the tens digit of 352?
5
What is the thousands digit of 22436?
2
What is the hundreds digit of 92801?
8
What is the hundreds digit of 59023?
0
What is the tens digit of 6110?
1
What is the hundreds digit of 796?
7
What is the hundreds digit of 3320?
3
What is the hundreds digit of 1116?
1
What is the ten thousands digit of 63341?
6
What is the thousands digit of 1617?
1
What is the thousands digit of 38494?
8
What is the hundreds digit of 4521?
5
What is the tens digit of 667?
6
What is the units digit of 24189?
9
What is the units digit of 2439?
9
What is the hundreds digit of 6502?
5
What is the units digit of 1781?
1
What is the units digit of 5861?
1
What is the units digit of 146?
6
What is the ten thousands digit of 165085?
6
What is the thousands digit of 9635?
9
What is the thousands digit of 15579?
5
What is the hundreds digit of 592?
5
What is the hundreds digit of 6827?
8
What is the units digit of 2211?
1
What is the tens digit of 3729?
2
What is the hundreds digit of 6928?
9
What is the hundreds digit of 2168?
1
What is the units digit of 17317?
7
What is the units digit of 36076?
6
What is the hundreds digit of 25813?
8
What is the hundreds digit of 390?
3
What is the hundreds digit of 132351?
3
What is the hundreds digit of 2221?
2
What is the units digit of 19739?
9
What is the hundreds digit of 91939?
9
What is the hundreds digit of 7213?
2
What is the units digit of 991?
1
What is the units digit of 22991?
1
What is the units digit of 3338?
8
What is the tens digit of 138?
3
What is the thousands digit of 7191?
7
What is the units digit of 2009?
9
What is the units digit of 4026?
6
What is the ten thousands digit of 46376?
4
What is the thousands digit of 1380?
1
What is the tens digit of 62463?
6
What is the ten thousands digit of 19173?
1
What is the hundreds digit of 2340?
3
What is the hundreds digit of 88719?
7
What is the tens digit of 3407?
0
What is the thousands digit of 1063?
1
What is the units digit of 9?
9
What is the tens digit of 40522?
2
What is the hundreds digit of 39789?
7
What is the hundreds digit of 41701?
7
What is the thousands digit of 1448?
1
What is the thousands digit of 1590?
1
What is the tens digit of 669?
6
What is the tens digit of 47290?
9
What is the hundreds digit of 3078?
0
What is the hundreds digit of 541?
5
What is the hundreds digit of 14988?
9
What is the thousands digit of 1632?
1
What is the tens digit of 8632?
3
What is the hundreds digit of 72978?
9
What is the hundreds digit of 4652?
6
What is the ten thousands digit of 53795?
5
What is the hundreds digit of 4460?
4
What is the hundreds digit of 1115?
1
What is the ten thousands digit of 98866?
9
What is the hundreds digit of 1535?
5
What is the ten thousands digit of 24187?
2
What is the tens digit of 1940?
4
What is the ten thousands digit of 99604?
9
What is the units digit of 56?
6
What is the tens digit of 27137?
3
What is the thousands digit of 6641?
6
What is the thousands digit of 33334?
3
What is the units digit of 28131?
1
What is the units digit of 651?
1
What is the thousands digit of 2408?
2
What is the thousands digit of 1016?
1
What is the thousands digit of 37822?
7
What is the thousands digit of 4943?
4
What is the units digit of 1889?
9
What is the thousands digit of 1371?
1
What is the hundreds digit of 5187?
1
What is the hundreds digit of 885?
8
What is the thousands digit of 3312?
3
What is the thousands digit of 4010?
4
What is the thousands digit of 21422?
1
What is the ten thousands digit of 122328?
2
What is the thousands digit of 10839?
0
What is the hundreds digit of 5054?
0
What is the thousands digit of 15643?
5
What is the thousands digit of 30369?
0
What is the units digit of 806?
6
What is the tens digit of 8997?
9
What is the ten thousands digit of 15524?
1
What is the hundreds digit of 1278?
2
What is the thousands digit of 27121?
7
What is the hundreds digit of 1500?
5
What is the units digit of 32919?
9
What is the thousands digit of 3695?
3
What is the tens digit of 583?
8
What is the hundreds digit of 315?
3
What is the thousands digit of 69394?
9
What is the thousands digit of 2907?
2
What is the thousands digit of 1613?
1
What is the tens digit of 9239?
3
What is the units digit of 6989?
9
What is the tens digit of 2444?
4
What is the thousands digit of 2972?
2
What is the tens digit of 12619?
1
What is the hundreds digit of 36647?
6
What is the thousands digit of 10908?
0
What is the thousands digit of 1534?
1
What is the units digit of 65?
5
What is the hundreds digit of 2845?
8
What is the hundreds digit of 164295?
2
What is the hundreds digit of 35538?
5
What is the tens digit of 170?
7
What is the tens digit of 42945?
4
What is the hundred thousands digit of 161568?
1
What is the hundreds digit of 4125?
1
What is the tens digit of 73?
7
What is the units digit of 7721?
1
What is the units digit of 1804?
4
What is the units digit of 2713?
3
What is the tens digit of 574?
7
What is the tens digit of 57?
5
What is the tens digit of 880?
8
What is the tens digit of 421?
2
What is the hundreds digit of 270?
2
What is the ten thousands digit of 18622?
1
What is the hundreds digit of 1241?
2
What is the thousands digit of 16860?
6
What is the thousands digit of 9777?
9
What is the tens digit of 69960?
6
What is the units digit of 6?
6
What is the hundreds digit of 82817?
8
What is the ten thousands digit of 93089?
9
What is the units digit of 2825?
5
What is the hundreds digit of 19984?
9
What is the hundreds digit of 2827?
8
What is the thousands digit of 6893?
6
What is the tens digit of 79053?
5
What is the tens digit of 33512?
1
What is the units digit of 7434?
4
What is the thousands digit of 3261?
3
What is the units digit of 1604?
4
What is the thousands digit of 19429?
9
What is the thousands digit of 4946?
4
What is the thousands digit of 1027?
1
What is the tens digit of 1274?
7
What is the units digit of 2354?
4
What is the hundreds digit of 331?
3
What is the units digit of 6246?
6
What is the tens digit of 4972?
7
What is the units digit of 3431?
1
What is the hundreds digit of 4127?
1
What is the thousands digit of 4794?
4
What is the tens digit of 603?
0
What is the units digit of 2956?
6
What is the tens digit of 1591?
9
What is the ten thousands digit of 99400?
9
What is the tens digit of 2131?
3
What is the units digit of 1472?
2
What is the units digit of 298?
8
What is the tens digit of 86885?
8
What is the ten thousands digit of 16256?
1
What is the tens digit of 48671?
7
What is the ten thousands digit of 12383?
1
What is the hundreds digit of 1999?
9
What is the hundreds digit of 136?
1
What is the thousands digit of 84968?
4
What is the hundreds digit of 456?
4
What is the hundreds digit of 13432?
4
What is the units digit of 49514?
4
What is the thousands digit of 137933?
7
What is the tens digit of 4952?
5
What is the units digit of 19184?
4
What is the units digit of 554?
4
What is the tens digit of 7766?
6
What is the hundreds digit of 2101?
1
What is the hundreds digit of 1377?
3
What is the units digit of 11830?
0
What is the thousands digit of 1329?
1
What is the tens digit of 499?
9
What is the units digit of 5302?
2
What is the ten thousands digit of 22861?
2
What is the thousands digit of 66196?
6
What is the units digit of 530?
0
What is the thousands digit of 23537?
3
What is the ten thousands digit of 13055?
1
What is the units digit of 1019?
9
What is the ten thousands digit of 14274?
1
What is the hundreds digit of 472?
4
What is the units digit of 4?
4
What is the hundreds digit of 392?
3
What is the hundreds digit of 662?
6
What is the tens digit of 2103?
0
What is the tens digit of 1384?
8
What is the units digit of 30426?
6
What is the tens digit of 146?
4
What is the thousands digit of 9701?
9
What is the tens digit of 1659?
5
What is the thousands digit of 44988?
4
What is the units digit of 1305?
5
What is the tens digit of 1780?
8
What is the hundreds digit of 24256?
2
What is the ten thousands digit of 25603?
2
What is the hundreds digit of 955?
9
What is the thousands digit of 1720?
1
What is the units digit of 123178?
8
What is the thousands digit of 352